{"id":1271,"date":"2017-05-16T14:00:57","date_gmt":"2017-05-16T13:00:57","guid":{"rendered":"http:\/\/www.dordogne-correze-vacances.com\/index.php\/bienvenue-en-dordogne-correze-vacances\/activites\/"},"modified":"2023-01-22T18:32:36","modified_gmt":"2023-01-22T17:32:36","slug":"activites","status":"publish","type":"page","link":"https:\/\/www.dordogne-correze-vacances.com\/index.php\/bienvenue-en-dordogne-correze-vacances\/activites\/?lang=fr","title":{"rendered":"Activit\u00e9s"},"content":{"rendered":"<p style=\"text-align: center;\">Les activit\u00e9s sont nombreuses en Dordogne et en Corr\u00e8ze.<br \/>\nNous en avons montr\u00e9 quelques-uns ici qui vous divertiront et vous stimuleront, vous et votre famille.<\/p>\n\n<p><a href=\"https:\/\/www.dordogne-correze-vacances.com\/index.php\/bienvenue-en-dordogne-correze-vacances\/activites\/balade-en-montgolfiere\/?lang=fr\">Montgolfi\u00e8res&#8230; En haut, en haut et loin&#8230;<\/a><\/p>\n\n<p>Cyclisme : <a href=\"https:\/\/www.dordogne-correze-vacances.com\/index.php\/bienvenue-en-dordogne-correze-vacances\/activites\/velo\/?lang=fr\">je veux faire du v\u00e9lo, du v\u00e9lo, du v\u00e9lo&#8230;<\/a> (excuses \u00e0 Queen)<\/p>\n\n<p>Randonn\u00e9e: <a href=\"https:\/\/www.dordogne-correze-vacances.com\/index.php\/bienvenue-en-dordogne-correze-vacances\/activites\/randonnee\/?lang=fr\">Faites une randonn\u00e9e dans les collines, c&#8217;est en hauteur, mais quel frisson<\/a> &#8230; (plus d&#8217;excuses, cette fois \u00e0 Hope Sandoval &amp; the Warm<a href=\"https:\/\/www.google.com\/search?hl=en&amp;q=Hope+Sandoval+and+the+Warm+Inventions&amp;stick=H4sIAAAAAAAAAONgVuLUz9U3sMgoN61cxKrqkV-QqhCcmJeSX5aYowCkFUoyUhXCE4tyFTzzylLzSjLz84oBnQ099TUAAAA&amp;sa=X&amp;ved=2ahUKEwjG766-nYX5AhUF1IUKHcGSCwYQMXoECAgQAw\"> <\/a>inventions)<\/p>\n\n<p><a href=\"https:\/\/www.dordogne-correze-vacances.com\/index.php\/bienvenue-en-dordogne-correze-vacances\/activites\/equitation\/?lang=fr\">Alors, tu veux monter \u00e0 cheval ??<\/a><\/p>\n\n<h2 class=\"collapseomatic \" id=\"id69e736ba36856\"  tabindex=\"0\" title=\"Choses \u00e0 faire\"    >Choses \u00e0 faire<\/h2><div id=\"target-id69e736ba36856\" class=\"collapseomatic_content \">\n\n<h4 class=\"collapseomatic \" id=\"id69e736ba369a7\"  tabindex=\"0\" title=\"\u00c9quitation\"    >\u00c9quitation<\/h4><div id=\"target-id69e736ba369a7\" class=\"collapseomatic_content \">\n\n<p>\u00e9cole 1<\/p>\n\n<p>\u00e9cole 2<\/p>\n\n<\/div>\n\n<h4 class=\"collapseomatic \" id=\"id69e736ba36ac9\"  tabindex=\"0\" title=\"V\u00e9lo\"    >V\u00e9lo<\/h4><div id=\"target-id69e736ba36ac9\" class=\"collapseomatic_content \">\n\n<p>Piste de chariot 1<\/p>\n\n<p>chariot Piste 2<\/p>\n\n<\/div>\n\n<h4 class=\"collapseomatic \" id=\"id69e736ba36b63\"  tabindex=\"0\" title=\"Cartage\"    >Cartage<\/h4><div id=\"target-id69e736ba36b63\" class=\"collapseomatic_content \">\n\n<p>Piste de chariot 1<\/p>\n\n<p>chariot Piste 2<\/p>\n\n<\/div>\n\n<h4 class=\"collapseomatic \" id=\"id69e736ba36bf6\"  tabindex=\"0\" title=\"Faire du ballon ascensionnel\"    >Faire du ballon ascensionnel<\/h4><div id=\"target-id69e736ba36bf6\" class=\"collapseomatic_content \">\n\n<p>D\u00e9collage 1<\/p>\n\n<p>D\u00e9collage 2<\/p>\n\n<\/div>\n\n<h4 class=\"collapseomatic \" id=\"id69e736ba36c9a\"  tabindex=\"0\" title=\"Randonn\u00e9e\"    >Randonn\u00e9e<\/h4><div id=\"target-id69e736ba36c9a\" class=\"collapseomatic_content \">\n\n<p>piste 1<\/p>\n\n<p>piste 2<\/p>\n\n<\/div>\n\n<\/div>\n\n<h1 class=\"collapseomatic \" id=\"id69e736ba36da2\"  tabindex=\"0\" title=\"Lieux \u00e0 voir\"    >Lieux \u00e0 voir<\/h1><div id=\"target-id69e736ba36da2\" class=\"collapseomatic_content \">\n\n<p>S\u00e9gur le Ch\u00e2teau<\/p>\n\n<p>Lasucaux<\/p>\n\n<\/div>\n\n<h1 class=\"collapseomatic \" id=\"id69e736ba36e46\"  tabindex=\"0\" title=\"Nourriture\"    >Nourriture<\/h1><div id=\"target-id69e736ba36e46\" class=\"collapseomatic_content \">\n\n<p>Restaurants \u00e0 proximit\u00e9<\/p>\n\n<p>Restaurants sp\u00e9ciaux<\/p>\n\n<\/div>\n\n<p><\/p>\n\n<p><\/p>\n\n<p><\/p>\n","protected":false},"excerpt":{"rendered":"<p>La Dordogne et la Corr\u00e8ze est plus qu&#8217;une simple r\u00e9gion.<br \/>\nC&#8217;est une destination de vacances avec quelque chose pour tout le monde.<\/p>\n","protected":false},"author":1,"featured_media":712,"parent":1268,"menu_order":0,"comment_status":"closed","ping_status":"closed","template":"template-full-width-page.php","meta":{"footnotes":""},"class_list":["post-1271","page","type-page","status-publish","has-post-thumbnail","hentry"],"jetpack_sharing_enabled":true,"_links":{"self":[{"href":"https:\/\/www.dordogne-correze-vacances.com\/index.php\/wp-json\/wp\/v2\/pages\/1271","targetHints":{"allow":["GET"]}}],"collection":[{"href":"https:\/\/www.dordogne-correze-vacances.com\/index.php\/wp-json\/wp\/v2\/pages"}],"about":[{"href":"https:\/\/www.dordogne-correze-vacances.com\/index.php\/wp-json\/wp\/v2\/types\/page"}],"author":[{"embeddable":true,"href":"https:\/\/www.dordogne-correze-vacances.com\/index.php\/wp-json\/wp\/v2\/users\/1"}],"replies":[{"embeddable":true,"href":"https:\/\/www.dordogne-correze-vacances.com\/index.php\/wp-json\/wp\/v2\/comments?post=1271"}],"version-history":[{"count":36,"href":"https:\/\/www.dordogne-correze-vacances.com\/index.php\/wp-json\/wp\/v2\/pages\/1271\/revisions"}],"predecessor-version":[{"id":3155,"href":"https:\/\/www.dordogne-correze-vacances.com\/index.php\/wp-json\/wp\/v2\/pages\/1271\/revisions\/3155"}],"up":[{"embeddable":true,"href":"https:\/\/www.dordogne-correze-vacances.com\/index.php\/wp-json\/wp\/v2\/pages\/1268"}],"wp:featuredmedia":[{"embeddable":true,"href":"https:\/\/www.dordogne-correze-vacances.com\/index.php\/wp-json\/wp\/v2\/media\/712"}],"wp:attachment":[{"href":"https:\/\/www.dordogne-correze-vacances.com\/index.php\/wp-json\/wp\/v2\/media?parent=1271"}],"curies":[{"name":"wp","href":"https:\/\/api.w.org\/{rel}","templated":true}]}}