{"id":1273,"date":"2017-05-16T13:40:41","date_gmt":"2017-05-16T12:40:41","guid":{"rendered":"http:\/\/www.dordogne-correze-vacances.com\/index.php\/bienvenido-a-dordona-correze-vacances\/"},"modified":"2026-02-11T20:10:25","modified_gmt":"2026-02-11T19:10:25","slug":"bienvenido-a-dordona-correze-vacances","status":"publish","type":"page","link":"https:\/\/www.dordogne-correze-vacances.com\/index.php\/bienvenido-a-dordona-correze-vacances\/?lang=es","title":{"rendered":"Bienvenido a Dordo\u00f1a \/ Correze Vacances"},"content":{"rendered":"<div class=\"wp-block-image is-resized\">\n<figure class=\"alignright size-full\"><img data-recalc-dims=\"1\" loading=\"lazy\" decoding=\"async\" width=\"748\" height=\"562\" data-attachment-id=\"1972\" data-permalink=\"https:\/\/www.dordogne-correze-vacances.com\/753a7c0c-ace8-42d3-a153-cadce875e051\/\" data-orig-file=\"https:\/\/i0.wp.com\/www.dordogne-correze-vacances.com\/wp-content\/uploads\/2022\/07\/753a7c0c-ace8-42d3-a153-cadce875e051.jpg?fit=1024%2C769&amp;ssl=1\" data-orig-size=\"1024,769\" data-comments-opened=\"1\" data-image-meta=\"{&quot;aperture&quot;:&quot;0&quot;,&quot;credit&quot;:&quot;&quot;,&quot;camera&quot;:&quot;&quot;,&quot;caption&quot;:&quot;&quot;,&quot;created_timestamp&quot;:&quot;0&quot;,&quot;copyright&quot;:&quot;&quot;,&quot;focal_length&quot;:&quot;0&quot;,&quot;iso&quot;:&quot;0&quot;,&quot;shutter_speed&quot;:&quot;0&quot;,&quot;title&quot;:&quot;&quot;,&quot;orientation&quot;:&quot;0&quot;}\" data-image-title=\"753a7c0c-ace8-42d3-a153-cadce875e051\" data-image-description=\"\" data-image-caption=\"&lt;p&gt;Your hosts and Princess Gracie, the wonder dog&lt;\/p&gt;\n\" data-medium-file=\"https:\/\/i0.wp.com\/www.dordogne-correze-vacances.com\/wp-content\/uploads\/2022\/07\/753a7c0c-ace8-42d3-a153-cadce875e051.jpg?fit=300%2C225&amp;ssl=1\" data-large-file=\"https:\/\/i0.wp.com\/www.dordogne-correze-vacances.com\/wp-content\/uploads\/2022\/07\/753a7c0c-ace8-42d3-a153-cadce875e051.jpg?fit=748%2C562&amp;ssl=1\" src=\"https:\/\/i0.wp.com\/www.dordogne-correze-vacances.com\/wp-content\/uploads\/2022\/07\/753a7c0c-ace8-42d3-a153-cadce875e051.jpg?resize=748%2C562&#038;ssl=1\" alt=\"\" class=\"wp-image-1972\" style=\"width:400px\" srcset=\"https:\/\/i0.wp.com\/www.dordogne-correze-vacances.com\/wp-content\/uploads\/2022\/07\/753a7c0c-ace8-42d3-a153-cadce875e051.jpg?w=1024&amp;ssl=1 1024w, https:\/\/i0.wp.com\/www.dordogne-correze-vacances.com\/wp-content\/uploads\/2022\/07\/753a7c0c-ace8-42d3-a153-cadce875e051.jpg?resize=300%2C225&amp;ssl=1 300w, https:\/\/i0.wp.com\/www.dordogne-correze-vacances.com\/wp-content\/uploads\/2022\/07\/753a7c0c-ace8-42d3-a153-cadce875e051.jpg?resize=768%2C577&amp;ssl=1 768w, https:\/\/i0.wp.com\/www.dordogne-correze-vacances.com\/wp-content\/uploads\/2022\/07\/753a7c0c-ace8-42d3-a153-cadce875e051.jpg?resize=746%2C560&amp;ssl=1 746w\" sizes=\"auto, (max-width: 748px) 100vw, 748px\" \/><figcaption class=\"wp-element-caption\">Tus anfitriones y la &#8220;princesa&#8221; Gracie, la perra maravilla<\/figcaption><\/figure><\/div>\n<p>Somos una pareja australiana que ha vivido en varios pa\u00edses como Australia, Suiza, Reino Unido y Abu Dhabi en los Emiratos \u00c1rabes Unidos. Hemos elegido establecernos en Francia y, en particular, en uno de los paisajes m\u00e1s impresionantes que hemos visto.  <\/p>\n\n<p>Estamos en una tranquila zona rural a unos 40 minutos de Brive-la-Gaillard o Limoges, una zona repleta de preciosos pueblos y ciudades, es f\u00e1cil llegar y tiene muchas actividades, atracciones y lugares de inter\u00e9s para toda la familia. Tiene comida y vino legendarios (se encuentra a medio camino entre Borgo\u00f1a al este y Burdeos al oeste).<\/p>\n\n<p>Nuestro lugar es un antiguo granero de piedra expertamente renovado por los antiguos propietarios y proporciona un lugar maravilloso para relajarse en la piscina y una base para explorar tanto la Dordogne y Corr\u00e8ze o m\u00e1s lejos. Vea un v\u00eddeo de la casa aqu\u00ed:<\/p>\n\n<figure class=\"wp-block-video\"><video controls=\"\" src=\"https:\/\/www.dordogne-correze-vacances.com\/wp-content\/uploads\/2025\/09\/work-720.mp4.mov\"><\/video><\/figure>\n\n<div class=\"wp-block-columns is-layout-flex wp-container-core-columns-is-layout-1 wp-block-columns-is-layout-flex\">\n<div class=\"wp-block-column is-layout-flow wp-block-column-is-layout-flow\">\n<table><tr><td><a href=\"https:\/\/www.dordogne-correze-vacances.com\/?lang=es\"><img data-recalc-dims=\"1\" decoding=\"async\" src=\"https:\/\/i0.wp.com\/photos.travelmyth.com\/awards\/1239\/travelmyth_1239235_U4BH_r___p22_y2023_a453_fr_web.png?w=160&#038;ssl=1\"  border=\"0\" alt=\"hoteles Brive-la-Gaillarde\"\/><\/a><br\/><\/td>\n<td><a href=\"https:\/\/www.dordogne-correze-vacances.com\/?lang=es\"><img data-recalc-dims=\"1\" decoding=\"async\" src=\"https:\/\/i0.wp.com\/photos.travelmyth.com\/awards\/1239\/travelmyth_1239235_aF8p_r__small_p8_y2023_a453_fr_web.png?w=160&#038;ssl=1\"  border=\"0\" alt=\"petits hotels Brive la Gaillarde\"\/><\/a><br\/><\/td><\/tr>\n<tr><td><a href=\"https:\/\/www.dordogne-correze-vacances.com\/?lang=es\"><img data-recalc-dims=\"1\" decoding=\"async\" src=\"https:\/\/i0.wp.com\/photos.travelmyth.com\/awards\/1239\/travelmyth_1239235_37EY_r__accessible_p25_y2023_71ae_fr_web.png?w=160&#038;ssl=1\"  border=\"0\" alt=\"hoteles accesibles Francia\"\/><\/a><br\/><\/td><\/tr><\/table>\n\n\n\n<figure class=\"wp-block-image size-large is-resized\"><img data-recalc-dims=\"1\" loading=\"lazy\" decoding=\"async\" width=\"576\" height=\"1024\" data-attachment-id=\"5454\" data-permalink=\"https:\/\/www.dordogne-correze-vacances.com\/instagram-stories-generic_ra-2026\/\" data-orig-file=\"https:\/\/i0.wp.com\/www.dordogne-correze-vacances.com\/wp-content\/uploads\/2026\/02\/Instagram-Stories-Generic_RA-2026.png?fit=1080%2C1920&amp;ssl=1\" data-orig-size=\"1080,1920\" data-comments-opened=\"1\" data-image-meta=\"{&quot;aperture&quot;:&quot;0&quot;,&quot;credit&quot;:&quot;&quot;,&quot;camera&quot;:&quot;&quot;,&quot;caption&quot;:&quot;&quot;,&quot;created_timestamp&quot;:&quot;0&quot;,&quot;copyright&quot;:&quot;&quot;,&quot;focal_length&quot;:&quot;0&quot;,&quot;iso&quot;:&quot;0&quot;,&quot;shutter_speed&quot;:&quot;0&quot;,&quot;title&quot;:&quot;&quot;,&quot;orientation&quot;:&quot;0&quot;}\" data-image-title=\"Instagram-Stories-Generic_RA-2026\" data-image-description=\"\" data-image-caption=\"\" data-medium-file=\"https:\/\/i0.wp.com\/www.dordogne-correze-vacances.com\/wp-content\/uploads\/2026\/02\/Instagram-Stories-Generic_RA-2026.png?fit=169%2C300&amp;ssl=1\" data-large-file=\"https:\/\/i0.wp.com\/www.dordogne-correze-vacances.com\/wp-content\/uploads\/2026\/02\/Instagram-Stories-Generic_RA-2026.png?fit=576%2C1024&amp;ssl=1\" src=\"https:\/\/i0.wp.com\/www.dordogne-correze-vacances.com\/wp-content\/uploads\/2026\/02\/Instagram-Stories-Generic_RA-2026.png?resize=576%2C1024&#038;ssl=1\" alt=\"\" class=\"wp-image-5454\" style=\"width:237px;height:auto\" srcset=\"https:\/\/i0.wp.com\/www.dordogne-correze-vacances.com\/wp-content\/uploads\/2026\/02\/Instagram-Stories-Generic_RA-2026.png?resize=576%2C1024&amp;ssl=1 576w, https:\/\/i0.wp.com\/www.dordogne-correze-vacances.com\/wp-content\/uploads\/2026\/02\/Instagram-Stories-Generic_RA-2026.png?resize=169%2C300&amp;ssl=1 169w, https:\/\/i0.wp.com\/www.dordogne-correze-vacances.com\/wp-content\/uploads\/2026\/02\/Instagram-Stories-Generic_RA-2026.png?resize=768%2C1365&amp;ssl=1 768w, https:\/\/i0.wp.com\/www.dordogne-correze-vacances.com\/wp-content\/uploads\/2026\/02\/Instagram-Stories-Generic_RA-2026.png?resize=864%2C1536&amp;ssl=1 864w, https:\/\/i0.wp.com\/www.dordogne-correze-vacances.com\/wp-content\/uploads\/2026\/02\/Instagram-Stories-Generic_RA-2026.png?resize=315%2C560&amp;ssl=1 315w, https:\/\/i0.wp.com\/www.dordogne-correze-vacances.com\/wp-content\/uploads\/2026\/02\/Instagram-Stories-Generic_RA-2026.png?w=1080&amp;ssl=1 1080w\" sizes=\"auto, (max-width: 576px) 100vw, 576px\" \/><\/figure>\n<\/div>\n\n\n\n<div class=\"wp-block-column is-layout-flow wp-block-column-is-layout-flow\" style=\"flex-basis:550px\">\n<blockquote class=\"wp-block-quote is-style-plain is-layout-flow wp-block-quote-is-layout-flow\">\n<p class=\"has-medium-font-size\">Comentarios de invitados&#8230;<br\/><br\/> &#8220;&#8230;esta casa es una mezcla perfecta de lo tradicional y lo moderno&#8230;&#8221;<br\/><br\/> &#8220;&#8230;Nos ha sorprendido la cantidad de cosas que hay para ver y hacer en esta zona, es una aut\u00e9ntica joya; vivimos a dos horas de distancia y nunca nos dimos cuenta&#8230;&#8221;<\/p>\n<\/blockquote>\n\n\n\n<p class=\"has-medium-font-size\"><mark style=\"background-color:rgba(0, 0, 0, 0)\" class=\"has-inline-color has-secondary-color\">Realmente estamos agradecidos a nuestros clientes por su apoyo. \u00a1Tus calificaciones realmente importan! <br\/> <strong><em>GRACIAS !<\/em><\/strong><\/mark><\/p>\n\n\n\n<figure class=\"wp-block-table is-style-stripes\"><table class=\"has-fixed-layout\"><tbody><tr><td> <figure class=\"wp-block-image size-large is-resized\"><img data-recalc-dims=\"1\" loading=\"lazy\" decoding=\"async\" width=\"748\" height=\"526\" data-attachment-id=\"5495\" data-permalink=\"https:\/\/www.dordogne-correze-vacances.com\/digital-gallery-award-tra-2024-2\/\" data-orig-file=\"https:\/\/i0.wp.com\/www.dordogne-correze-vacances.com\/wp-content\/uploads\/2026\/02\/Digital-Gallery-Award-TRA-2024.png?fit=1280%2C900&amp;ssl=1\" data-orig-size=\"1280,900\" data-comments-opened=\"1\" data-image-meta=\"{&quot;aperture&quot;:&quot;0&quot;,&quot;credit&quot;:&quot;&quot;,&quot;camera&quot;:&quot;&quot;,&quot;caption&quot;:&quot;&quot;,&quot;created_timestamp&quot;:&quot;0&quot;,&quot;copyright&quot;:&quot;&quot;,&quot;focal_length&quot;:&quot;0&quot;,&quot;iso&quot;:&quot;0&quot;,&quot;shutter_speed&quot;:&quot;0&quot;,&quot;title&quot;:&quot;&quot;,&quot;orientation&quot;:&quot;0&quot;}\" data-image-title=\"Digital-Gallery-Award-TRA-2024\" data-image-description=\"\" data-image-caption=\"\" data-medium-file=\"https:\/\/i0.wp.com\/www.dordogne-correze-vacances.com\/wp-content\/uploads\/2026\/02\/Digital-Gallery-Award-TRA-2024.png?fit=300%2C211&amp;ssl=1\" data-large-file=\"https:\/\/i0.wp.com\/www.dordogne-correze-vacances.com\/wp-content\/uploads\/2026\/02\/Digital-Gallery-Award-TRA-2024.png?fit=748%2C526&amp;ssl=1\" src=\"https:\/\/i0.wp.com\/www.dordogne-correze-vacances.com\/wp-content\/uploads\/2026\/02\/Digital-Gallery-Award-TRA-2024.png?resize=748%2C526&#038;ssl=1\" alt=\"\" class=\"wp-image-5495\" style=\"width:294px;height:auto\" srcset=\"https:\/\/i0.wp.com\/www.dordogne-correze-vacances.com\/wp-content\/uploads\/2026\/02\/Digital-Gallery-Award-TRA-2024.png?resize=1024%2C720&amp;ssl=1 1024w, https:\/\/i0.wp.com\/www.dordogne-correze-vacances.com\/wp-content\/uploads\/2026\/02\/Digital-Gallery-Award-TRA-2024.png?resize=300%2C211&amp;ssl=1 300w, https:\/\/i0.wp.com\/www.dordogne-correze-vacances.com\/wp-content\/uploads\/2026\/02\/Digital-Gallery-Award-TRA-2024.png?resize=768%2C540&amp;ssl=1 768w, https:\/\/i0.wp.com\/www.dordogne-correze-vacances.com\/wp-content\/uploads\/2026\/02\/Digital-Gallery-Award-TRA-2024.png?resize=796%2C560&amp;ssl=1 796w, https:\/\/i0.wp.com\/www.dordogne-correze-vacances.com\/wp-content\/uploads\/2026\/02\/Digital-Gallery-Award-TRA-2024.png?w=1280&amp;ssl=1 1280w\" sizes=\"auto, (max-width: 748px) 100vw, 748px\" \/><\/figure> <\/td><td><figure class=\"wp-block-image size-large is-resized\"><img data-recalc-dims=\"1\" loading=\"lazy\" decoding=\"async\" width=\"748\" height=\"526\" data-attachment-id=\"5459\" data-permalink=\"https:\/\/www.dordogne-correze-vacances.com\/digital-award_ra-2026\/\" data-orig-file=\"https:\/\/i0.wp.com\/www.dordogne-correze-vacances.com\/wp-content\/uploads\/2026\/02\/Digital-Award_RA-2026.png?fit=1280%2C900&amp;ssl=1\" data-orig-size=\"1280,900\" data-comments-opened=\"1\" data-image-meta=\"{&quot;aperture&quot;:&quot;0&quot;,&quot;credit&quot;:&quot;&quot;,&quot;camera&quot;:&quot;&quot;,&quot;caption&quot;:&quot;&quot;,&quot;created_timestamp&quot;:&quot;0&quot;,&quot;copyright&quot;:&quot;&quot;,&quot;focal_length&quot;:&quot;0&quot;,&quot;iso&quot;:&quot;0&quot;,&quot;shutter_speed&quot;:&quot;0&quot;,&quot;title&quot;:&quot;&quot;,&quot;orientation&quot;:&quot;0&quot;}\" data-image-title=\"Digital-Award_RA-2026\" data-image-description=\"\" data-image-caption=\"\" data-medium-file=\"https:\/\/i0.wp.com\/www.dordogne-correze-vacances.com\/wp-content\/uploads\/2026\/02\/Digital-Award_RA-2026.png?fit=300%2C211&amp;ssl=1\" data-large-file=\"https:\/\/i0.wp.com\/www.dordogne-correze-vacances.com\/wp-content\/uploads\/2026\/02\/Digital-Award_RA-2026.png?fit=748%2C526&amp;ssl=1\" src=\"https:\/\/i0.wp.com\/www.dordogne-correze-vacances.com\/wp-content\/uploads\/2026\/02\/Digital-Award_RA-2026.png?resize=748%2C526&#038;ssl=1\" alt=\"\" class=\"wp-image-5459\" style=\"width:290px;height:auto\" srcset=\"https:\/\/i0.wp.com\/www.dordogne-correze-vacances.com\/wp-content\/uploads\/2026\/02\/Digital-Award_RA-2026.png?resize=1024%2C720&amp;ssl=1 1024w, https:\/\/i0.wp.com\/www.dordogne-correze-vacances.com\/wp-content\/uploads\/2026\/02\/Digital-Award_RA-2026.png?resize=300%2C211&amp;ssl=1 300w, https:\/\/i0.wp.com\/www.dordogne-correze-vacances.com\/wp-content\/uploads\/2026\/02\/Digital-Award_RA-2026.png?resize=768%2C540&amp;ssl=1 768w, https:\/\/i0.wp.com\/www.dordogne-correze-vacances.com\/wp-content\/uploads\/2026\/02\/Digital-Award_RA-2026.png?resize=796%2C560&amp;ssl=1 796w, https:\/\/i0.wp.com\/www.dordogne-correze-vacances.com\/wp-content\/uploads\/2026\/02\/Digital-Award_RA-2026.png?w=1280&amp;ssl=1 1280w\" sizes=\"auto, (max-width: 748px) 100vw, 748px\" \/><\/figure><\/td><\/tr><\/tbody><\/table><\/figure>\n<\/div>\n<\/div>\n","protected":false},"excerpt":{"rendered":"<p>BIENVENIDO A HERMOSAS VACACIONES FRANCESAS EN UNA DE LAS PARTES M\u00c1S DESLUMBRANTES DE FRANCIA<\/p>\n","protected":false},"author":1,"featured_media":706,"parent":0,"menu_order":0,"comment_status":"closed","ping_status":"closed","template":"template-front-page.php","meta":{"footnotes":""},"class_list":["post-1273","page","type-page","status-publish","has-post-thumbnail","hentry"],"jetpack_sharing_enabled":true,"_links":{"self":[{"href":"https:\/\/www.dordogne-correze-vacances.com\/index.php\/wp-json\/wp\/v2\/pages\/1273","targetHints":{"allow":["GET"]}}],"collection":[{"href":"https:\/\/www.dordogne-correze-vacances.com\/index.php\/wp-json\/wp\/v2\/pages"}],"about":[{"href":"https:\/\/www.dordogne-correze-vacances.com\/index.php\/wp-json\/wp\/v2\/types\/page"}],"author":[{"embeddable":true,"href":"https:\/\/www.dordogne-correze-vacances.com\/index.php\/wp-json\/wp\/v2\/users\/1"}],"replies":[{"embeddable":true,"href":"https:\/\/www.dordogne-correze-vacances.com\/index.php\/wp-json\/wp\/v2\/comments?post=1273"}],"version-history":[{"count":98,"href":"https:\/\/www.dordogne-correze-vacances.com\/index.php\/wp-json\/wp\/v2\/pages\/1273\/revisions"}],"predecessor-version":[{"id":5535,"href":"https:\/\/www.dordogne-correze-vacances.com\/index.php\/wp-json\/wp\/v2\/pages\/1273\/revisions\/5535"}],"wp:featuredmedia":[{"embeddable":true,"href":"https:\/\/www.dordogne-correze-vacances.com\/index.php\/wp-json\/wp\/v2\/media\/706"}],"wp:attachment":[{"href":"https:\/\/www.dordogne-correze-vacances.com\/index.php\/wp-json\/wp\/v2\/media?parent=1273"}],"curies":[{"name":"wp","href":"https:\/\/api.w.org\/{rel}","templated":true}]}}