{"id":1627,"date":"2022-07-05T12:04:36","date_gmt":"2022-07-05T11:04:36","guid":{"rendered":"http:\/\/www.dordogne-correze-vacances.com\/index.php\/politica-de-privacidad-2\/"},"modified":"2022-07-06T10:56:44","modified_gmt":"2022-07-06T09:56:44","slug":"politica-de-privacidad-2","status":"publish","type":"page","link":"https:\/\/www.dordogne-correze-vacances.com\/index.php\/politica-de-privacidad-2\/?lang=es","title":{"rendered":"Pol\u00edtica de privacidad"},"content":{"rendered":"\n<h3 class=\"wp-block-heading\">Pol\u00edtica de privacidad<\/h3>\n\n<p>\u00daltima actualizaci\u00f3n: 05 de julio de 2022<\/p>\n\n<p>Gracias por visitar la Pol\u00edtica de privacidad de Dordogne y Correze Vanncences. Esta Pol\u00edtica de privacidad explica c\u00f3mo Dordogne and Correze Vancences (colectivamente, &#8220;Dordogne and Correze Vanncences&#8221;, &#8220;nosotros&#8221;, &#8220;nos&#8221; o &#8220;nuestro&#8221;) recopila, usa y comparte informaci\u00f3n sobre usted (&#8220;usted&#8221;, &#8220;suyo&#8221; o \u201cusuario\u201d) cuando accede o utiliza nuestros sitios web (\u201cServicios\u201d).<\/p>\n\n<p>Los usuarios son responsables de los datos de terceros que proporcionen o compartan a trav\u00e9s de los Servicios y confirman que tienen el consentimiento del tercero para proporcionarnos dichos datos.<\/p>\n\n<h3 class=\"wp-block-heading\">Informaci\u00f3n que recopilamos<\/h3>\n\n<p><strong>Informaci\u00f3n de la cuenta:<\/strong> si crea una cuenta en el sitio web, recopilamos la informaci\u00f3n que nos proporciona relacionada con la cuenta, como nombre y apellido, nombre de usuario, contrase\u00f1a y direcci\u00f3n de correo electr\u00f3nico. <\/p>\n\n<p><strong>Informaci\u00f3n transaccional:<\/strong> como art\u00edculos colocados en su carrito, productos comprados, detalles del producto, informaci\u00f3n de env\u00edo, precio de compra, fecha de compra e informaci\u00f3n de pago. <\/p>\n\n<p>Si reserva alojamiento, recopilaremos y almacenaremos la misma informaci\u00f3n, pero NO almacenamos ninguna informaci\u00f3n financiera confidencial, como la tarjeta de d\u00e9bito\/cr\u00e9dito, pero s\u00ed registramos el hecho y el monto de los pagos realizados.<\/p>\n\n<h3 class=\"wp-block-heading\">C\u00f3mo usamos su informaci\u00f3n<\/h3>\n\n<p>Usamos la informaci\u00f3n que recopilamos sobre usted para proporcionar, mantener y mejorar nuestros Servicios y otras interacciones que tenemos con usted. Por ejemplo, utilizamos la informaci\u00f3n recopilada para:<\/p>\n\n<ul class=\"wp-block-list\"><li>Facilitar y mejorar nuestra experiencia en l\u00ednea;<\/li><li>Proporcionar y entregar productos y servicios, realizar autenticaci\u00f3n, procesar transacciones y devoluciones, y enviarle informaci\u00f3n relacionada, incluidas confirmaciones, recibos, facturas, encuestas de experiencia del cliente y avisos relacionados con productos o Servicios;<\/li><li>Procesar y entregar promociones;<\/li><li>Responder a sus comentarios y preguntas y brindar servicio al cliente;<\/li><li>Si nos ha indicado que desea recibir notificaciones o mensajes promocionales;<\/li><li>Detectar, investigar y prevenir transacciones fraudulentas y otras actividades ilegales y proteger nuestros derechos y propiedad y otros;<\/li><li>Cumplir con nuestras obligaciones legales y financieras;<\/li><li>Supervisar y analizar tendencias, uso y actividades;<\/li><li>Proporcionar y permitir que nuestros socios proporcionen publicidad y marketing dirigidos a sus intereses.<\/li><\/ul>\n\n<h3 class=\"wp-block-heading\">C\u00f3mo podemos compartir informaci\u00f3n<\/h3>\n\n<p>Podemos compartir su informaci\u00f3n personal en las siguientes situaciones:<\/p>\n\n<ul class=\"wp-block-list\"><li><strong>Proveedores de servicios de terceros. <\/strong>Podemos compartir datos con proveedores de servicios, vendedores, contratistas o agentes que completan transacciones o prestan servicios en nuestro nombre, como aquellos que nos ayudan con nuestro negocio y operaciones internas como procesamiento de pagos, prevenci\u00f3n de fraude, servicio al cliente, tarjetas de regalo, experiencias , personalizaci\u00f3n, marketing y publicidad;<\/li><li><strong>Cambio en el negocio. <\/strong>Podemos compartir datos en relaci\u00f3n con una transacci\u00f3n comercial corporativa, como una fusi\u00f3n o adquisici\u00f3n de todo o una parte de nuestro negocio a otra empresa, empresa conjunta, reorganizaci\u00f3n corporativa, insolvencia o quiebra, financiaci\u00f3n o venta de activos de la empresa;<\/li><li><strong>Para Cumplir con la Ley. <\/strong>Podemos compartir datos para facilitar el proceso legal de las solicitudes legales de las autoridades p\u00fablicas, incluso para cumplir con las demandas de seguridad nacional o de aplicaci\u00f3n de la ley seg\u00fan lo permita la ley.<\/li><li><strong>Con su consentimiento. <\/strong>Podemos compartir datos con terceros cuando tengamos su consentimiento expl\u00edcito para fines espec\u00edficos y declarados abiertamente.<\/li><\/ul>\n\n<h3 class=\"wp-block-heading\">Seguridad de datos<\/h3>\n\n<p>Implementamos medidas de seguridad comercialmente razonables dise\u00f1adas para proteger su informaci\u00f3n. Sin embargo, a pesar de nuestros mejores esfuerzos, ninguna medida de seguridad es completamente impenetrable. <\/p>\n\n<h3 class=\"wp-block-heading\">Retenci\u00f3n de datos<\/h3>\n\n<p>Almacenamos la informaci\u00f3n que recopilamos sobre usted durante el tiempo que sea necesario para los fines para los que la recopilamos o para otros fines comerciales leg\u00edtimos, incluido el cumplimiento de nuestras obligaciones legales, reglamentarias u otras.<\/p>\n\n<h3 class=\"wp-block-heading\">Derechos de privacidad de la UE<\/h3>\n\n<p>Las personas ubicadas en ciertos pa\u00edses, incluidos el Espacio Econ\u00f3mico Europeo (EEE) y el Reino Unido, tienen ciertos derechos legales en virtud del Reglamento general de protecci\u00f3n de datos (GDPR) en relaci\u00f3n con sus datos personales.<\/p>\n\n<p>En la medida en que la informaci\u00f3n que recopilamos est\u00e9 asociada con una persona f\u00edsica identificada o identificable y est\u00e9 protegida como datos personales seg\u00fan el RGPD, en esta Pol\u00edtica de privacidad se la denomina &#8220;Datos personales&#8221;.<\/p>\n\n<p><strong>Solicitudes de acceso de sujetos de datos<\/strong><\/p>\n\n<p>Sujeto a las exenciones previstas por la ley, usted puede tener derecho a solicitar:<\/p>\n\n<ul class=\"wp-block-list\"><li>una copia de los Datos personales que tenemos sobre usted;<\/li><li>para corregir los Datos personales que tenemos sobre usted;<\/li><li>para eliminar su Cuenta o Datos Personales;<\/li><li>oponerse al procesamiento de sus Datos personales para ciertos fines;<\/li><\/ul>\n\n<p>Para acceder a sus derechos de privacidad, env\u00edenos un correo electr\u00f3nico a info@dordogne-correze-vacances.com.<\/p>\n\n<p>Por lo general, procesaremos las solicitudes en el plazo de un mes. Es posible que necesitemos solicitarle informaci\u00f3n espec\u00edfica para ayudarnos a confirmar su identidad y\/o la jurisdicci\u00f3n en la que reside. Si su solicitud es complicada o si ha realizado una gran cantidad de solicitudes, es posible que nos lleve m\u00e1s tiempo. Le informaremos si necesitamos m\u00e1s de un mes para responder.<\/p>\n\n<p><strong>Bases legales para el procesamiento de datos personales<\/strong><\/p>\n\n<p>Podemos procesar sus Datos personales en virtud de la ley de protecci\u00f3n de datos aplicable en los siguientes fundamentos legales:<\/p>\n\n<ul class=\"wp-block-list\"><li><strong>Necesidad contractual:<\/strong> podemos procesar sus Datos personales para celebrar o ejecutar un contrato con usted.<\/li><li><strong>Consentimiento:<\/strong> cuando haya dado su consentimiento para procesar sus Datos personales. Puede retirar su consentimiento en cualquier momento.<\/li><li><strong>Inter\u00e9s leg\u00edtimo:<\/strong> procesamos sus Datos personales para brindarle nuestros Servicios, como para brindarle nuestra experiencia de usuario en l\u00ednea, comunicarnos con usted, brindarle servicio al cliente, comercializar, analizar y mejorar nuestro negocio y proteger nuestros Servicios.<\/li><\/ul>\n\n<h3 class=\"wp-block-heading\">Limitaciones de edad<\/h3>\n\n<p>Nuestro Servicio est\u00e1 destinado a adultos mayores de 18 a\u00f1os. No recopilamos a sabiendas informaci\u00f3n de identificaci\u00f3n personal de ni\u00f1os. Si usted es padre o tutor legal y cree que su hijo menor de 13 a\u00f1os nos ha brindado informaci\u00f3n, env\u00ede un correo electr\u00f3nico o ll\u00e1menos utilizando los detalles que se enumeran al final de esta Pol\u00edtica de privacidad. Marque sus consultas como &#8220;Solicitud de informaci\u00f3n de COPPA&#8221;.<\/p>\n\n<h3 class=\"wp-block-heading\">Cambios a esta Pol\u00edtica de Privacidad<\/h3>\n\n<p>Dordogne y Correze Vanncences pueden cambiar esta Pol\u00edtica de privacidad de vez en cuando. Le animamos a visitar esta p\u00e1gina para mantenerse informado. Si los cambios son importantes, podemos enviarle un aviso adicional a su direcci\u00f3n de correo electr\u00f3nico o a trav\u00e9s de nuestros Servicios. Su uso continuado de los Servicios indica su aceptaci\u00f3n de la Pol\u00edtica de privacidad modificada.<\/p>\n\n<h3 class=\"wp-block-heading\">Boletines<\/h3>\n\n<p>Puede optar por no recibir nuestros correos electr\u00f3nicos de marketing y\/o boletines comunic\u00e1ndose con nosotros como se describe en &#8220;Cont\u00e1ctenos&#8221; a continuaci\u00f3n. Todav\u00eda podemos enviarle mensajes transaccionales, que incluyen comunicaciones relacionadas con los Servicios y respuestas a sus preguntas.<\/p>\n\n<h3 class=\"wp-block-heading\">Almacenamiento de informaci\u00f3n en los Estados Unidos<\/h3>\n\n<p>La informaci\u00f3n que mantenemos puede almacenarse tanto dentro como fuera de los Estados Unidos. Si vive fuera de los Estados Unidos, comprende y acepta que podemos transferir su informaci\u00f3n a los Estados Unidos y que es posible que las leyes estadounidenses no brinden el mismo nivel de protecci\u00f3n que las de su pa\u00eds.<\/p>\n\n<h3 class=\"wp-block-heading\">Cont\u00e1ctenos<\/h3>\n\n<p>Si tiene preguntas, comentarios o inquietudes sobre esta Pol\u00edtica de privacidad, puede comunicarse con nosotros en:<\/p>\n\n<ul class=\"wp-block-list\"><li>info@dordogne-correze-vacances.com<\/li><li>+33 7 84 16 96 13<\/li><\/ul>\n","protected":false},"excerpt":{"rendered":"<p>Pol\u00edtica de privacidad \u00daltima actualizaci\u00f3n: 05 de julio de 2022 Gracias por visitar la Pol\u00edtica de privacidad de Dordogne y Correze Vanncences. Esta Pol\u00edtica de privacidad explica c\u00f3mo Dordogne and Correze Vancences (colectivamente, &#8220;Dordogne and Correze Vanncences&#8221;, &#8220;nosotros&#8221;, &#8220;nos&#8221; o &#8220;nuestro&#8221;) recopila, usa y comparte informaci\u00f3n sobre usted (&#8220;usted&#8221;, &#8220;suyo&#8221; o \u201cusuario\u201d) cuando accede o &hellip; <a href=\"https:\/\/www.dordogne-correze-vacances.com\/index.php\/politica-de-privacidad-2\/?lang=es\" class=\"more-link\">Continue reading<span class=\"screen-reader-text\"> &#8220;Pol\u00edtica de privacidad&#8221;<\/span><\/a><\/p>\n","protected":false},"author":1,"featured_media":0,"parent":0,"menu_order":0,"comment_status":"closed","ping_status":"closed","template":"template-full-width-page.php","meta":{"footnotes":""},"class_list":["post-1627","page","type-page","status-publish","hentry"],"jetpack_sharing_enabled":true,"_links":{"self":[{"href":"https:\/\/www.dordogne-correze-vacances.com\/index.php\/wp-json\/wp\/v2\/pages\/1627","targetHints":{"allow":["GET"]}}],"collection":[{"href":"https:\/\/www.dordogne-correze-vacances.com\/index.php\/wp-json\/wp\/v2\/pages"}],"about":[{"href":"https:\/\/www.dordogne-correze-vacances.com\/index.php\/wp-json\/wp\/v2\/types\/page"}],"author":[{"embeddable":true,"href":"https:\/\/www.dordogne-correze-vacances.com\/index.php\/wp-json\/wp\/v2\/users\/1"}],"replies":[{"embeddable":true,"href":"https:\/\/www.dordogne-correze-vacances.com\/index.php\/wp-json\/wp\/v2\/comments?post=1627"}],"version-history":[{"count":1,"href":"https:\/\/www.dordogne-correze-vacances.com\/index.php\/wp-json\/wp\/v2\/pages\/1627\/revisions"}],"predecessor-version":[{"id":1629,"href":"https:\/\/www.dordogne-correze-vacances.com\/index.php\/wp-json\/wp\/v2\/pages\/1627\/revisions\/1629"}],"wp:attachment":[{"href":"https:\/\/www.dordogne-correze-vacances.com\/index.php\/wp-json\/wp\/v2\/media?parent=1627"}],"curies":[{"name":"wp","href":"https:\/\/api.w.org\/{rel}","templated":true}]}}